{"id":69,"date":"2025-12-05T19:48:58","date_gmt":"2025-12-05T16:48:58","guid":{"rendered":"https:\/\/www.vdsfiberoptik.com\/?page_id=69"},"modified":"2025-12-11T08:23:46","modified_gmt":"2025-12-11T05:23:46","slug":"hakkimizda","status":"publish","type":"page","link":"https:\/\/www.vdsfiberoptik.com\/?page_id=69","title":{"rendered":"Hakk\u0131m\u0131zda"},"content":{"rendered":"\n<section id=\"wp-block-themeisle-blocks-advanced-columns-6e7afea9\" class=\"wp-block-themeisle-blocks-advanced-columns alignfull has-1-columns has-desktop-equal-layout has-tablet-equal-layout has-mobile-equal-layout has-vertical-flex-start\"><div class=\"wp-block-themeisle-blocks-advanced-columns-overlay\"><\/div><div class=\"innerblocks-wrap\">\n<div id=\"wp-block-themeisle-blocks-advanced-column-c4b71378\" class=\"wp-block-themeisle-blocks-advanced-column\">\n<section id=\"wp-block-themeisle-blocks-advanced-columns-c9de47f3\" class=\"wp-block-themeisle-blocks-advanced-columns alignwide has-1-columns has-desktop-equal-layout has-tablet-equal-layout has-mobile-collapsedRows-layout has-vertical-center\"><div class=\"wp-block-themeisle-blocks-advanced-columns-overlay\"><\/div><div class=\"innerblocks-wrap\">\n<div id=\"wp-block-themeisle-blocks-advanced-column-8efaaa45\" class=\"wp-block-themeisle-blocks-advanced-column\">\n<div id=\"wp-block-themeisle-blocks-advanced-heading-b1a30096\" class=\"wp-block-themeisle-blocks-advanced-heading wp-block-themeisle-blocks-advanced-heading-b1a30096\"><\/div>\n\n\n\n<h1 class=\"wp-block-heading has-text-align-left has-white-color has-text-color has-link-color wp-elements-4573ee0f4191c507f5a132bbbe6ce799\">\u0130\u015fte VDS Fiber Optik<\/h1>\n\n\n\n<p class=\"hakkimizda-yazi has-white-color has-text-color has-link-color wp-elements-9a2cfd5c8bf33eb8872ca0027e0a790b\"><strong>VDS Fiber Optik, internet altyap\u0131 \u00e7\u00f6z\u00fcmleri ve fiber optik sonland\u0131rma hizmetleri alan\u0131nda uzmanla\u015fm\u0131\u015f, y\u00fcksek standartlarda teknik destek sunan bir altyap\u0131 m\u00fchendislik firmas\u0131d\u0131r. Kurulu\u015fumuzdan bu yana; kurumlar\u0131n, i\u015fletmelerin ve kamuprojelerinin ihtiya\u00e7 duydu\u011fu g\u00fcvenilir, h\u0131zl\u0131 ve kesintisiz ileti\u015fim altyap\u0131lar\u0131n\u0131profesyonel ekiplerimizle hayata ge\u00e7iriyoruz. Fiber optik teknolojinin gerektirdi\u011fi hassas i\u015f\u00e7ilik, do\u011fru \u00f6l\u00e7\u00fcmlendirme ve y\u00fcksek kalite standartlar\u0131n\u0131 benimseyerek; FTTH \u2013 FTTB \u2013 FTTC \u00e7\u00f6z\u00fcmleri, fiber f\u00fczyon ek, kablo d\u00f6\u015feme, sonland\u0131rma, test ve <br>devreye alma s\u00fcre\u00e7lerini anahtar teslim olarak ger\u00e7ekle\u015ftiriyoruz. Telekom altyap\u0131lar\u0131, geni\u015f kamp\u00fcs a\u011flar\u0131, sanayi tesisleri, e\u011fitim kurumlar\u0131, hastaneler ve toplu ya\u015fam alanlar\u0131nda; projeye g\u00f6re \u00f6zel tasarlanan, uzun \u00f6m\u00fcrl\u00fc ve \u00f6l\u00e7eklenebilir fiber altyap\u0131lar sunuyoruz. \u00c7al\u0131\u015ft\u0131\u011f\u0131m\u0131z t\u00fcm projelerde; h\u0131z, g\u00fcvenilirlik ve teknik do\u011fruluk ilkelerinden \u00f6d\u00fcn vermeden, uluslararas\u0131 standartlara uygun \u00e7\u00f6z\u00fcmler \u00fcretmeyi hedefliyoruz. VDS Fiber Optik olarak amac\u0131m\u0131z; <br>m\u00fc\u015fterilerimize yaln\u0131zca bir altyap\u0131 de\u011fil, ayn\u0131 zamanda gelece\u011fe yat\u0131r\u0131m niteli\u011finde g\u00fc\u00e7l\u00fc bir ileti\u015fim omurgas\u0131 sa\u011flamakt\u0131r.<\/strong><\/p>\n<\/div>\n<\/div><\/section>\n<\/div>\n<\/div><\/section>\n\n\n\n<div id=\"wp-block-themeisle-blocks-advanced-columns-6060ad37\" class=\"wp-block-themeisle-blocks-advanced-columns alignfull has-1-columns has-desktop-equal-layout has-tablet-equal-layout has-mobile-equal-layout has-vertical-unset\"><div class=\"wp-block-themeisle-blocks-advanced-columns-overlay\"><\/div><div class=\"innerblocks-wrap\">\n<div id=\"wp-block-themeisle-blocks-advanced-column-e9443913\" class=\"wp-block-themeisle-blocks-advanced-column has-light-bg\">\n<h6 class=\"wp-block-heading has-text-color\" style=\"color:#ee3832\">Neden Biz?<\/h6>\n\n\n\n<h2 class=\"wp-block-heading has-text-color has-link-color wp-elements-bbe75ae3971ee9c918d41fbd61793d62\" style=\"color:#070731\">Kaliteye ve G\u00fcvene Odaklan\u0131yoruz<\/h2>\n\n\n\n<p class=\"has-text-color has-link-color wp-elements-90652f96087928436792cd6c702a150a\" style=\"color:#070731\">M\u00fc\u015fterilerimize ihtiya\u00e7lar\u0131na uygun, g\u00fcvenilir ve yenilik\u00e7i \u00e7\u00f6z\u00fcmler sunmak i\u00e7in \u00e7al\u0131\u015f\u0131yoruz. Deneyimli ekibimiz, kaliteli hizmet anlay\u0131\u015f\u0131m\u0131z ve modern altyap\u0131m\u0131z ile her projede en iyi sonucu hedefliyoruz. G\u00fcvene dayal\u0131 i\u015f ili\u015fkileri kurarak uzun vadeli ba\u015far\u0131y\u0131 \u00f6n planda tutuyor, beklentileri a\u015fan hizmet sunmaya \u00f6zen g\u00f6steriyoruz.<\/p>\n<\/div>\n<\/div><\/div>\n\n\n\n<div id=\"wp-block-themeisle-blocks-advanced-columns-f0d39e55\" class=\"wp-block-themeisle-blocks-advanced-columns alignfull has-2-columns has-desktop-equal-layout has-tablet-equal-layout has-mobile-collapsedRows-layout has-vertical-unset\"><div class=\"wp-block-themeisle-blocks-advanced-columns-overlay\"><\/div><div class=\"innerblocks-wrap\">\n<div id=\"wp-block-themeisle-blocks-advanced-column-df3a3bbe\" class=\"wp-block-themeisle-blocks-advanced-column\">\n<div id=\"wp-block-themeisle-blocks-font-awesome-icons-7b689dc6\" class=\"wp-block-themeisle-blocks-font-awesome-icons\"><span class=\"wp-block-themeisle-blocks-font-awesome-icons-container\"><i class=\"fas fa-shield-alt\"><\/i><\/span><\/div>\n\n\n\n<h3 class=\"wp-block-heading has-text-color\" style=\"color:#ee3832;margin-top:0px\">G\u00fcven<\/h3>\n\n\n\n<p class=\"has-white-color has-text-color has-link-color wp-elements-f753984655c66f2076c8dab55d4c160a\"><strong>Kurulumdan bak\u0131ma kadar t\u00fcm s\u00fcre\u00e7lerde g\u00fcvenilir \u00e7\u00f6z\u00fcmler sunuyoruz. Tecr\u00fcbemiz ve teknik altyap\u0131m\u0131z sayesinde projelerinizi standartlara uygun, sa\u011flam ve uzun \u00f6m\u00fcrl\u00fc \u015fekilde tamaml\u0131yor; i\u015fletmenizin kesintisiz ileti\u015fim sa\u011flamas\u0131n\u0131 garanti alt\u0131na al\u0131yoruz.<\/strong><\/p>\n<\/div>\n\n\n\n<div id=\"wp-block-themeisle-blocks-advanced-column-a92486ee\" class=\"wp-block-themeisle-blocks-advanced-column\">\n<div id=\"wp-block-themeisle-blocks-font-awesome-icons-a8eb2801\" class=\"wp-block-themeisle-blocks-font-awesome-icons\"><span class=\"wp-block-themeisle-blocks-font-awesome-icons-container\"><i class=\"fas fa-thumbs-up\"><\/i><\/span><\/div>\n\n\n\n<h3 class=\"wp-block-heading has-accent-color has-text-color\" style=\"margin-top:0px\">Kalite<\/h3>\n\n\n\n<p class=\"has-white-color has-text-color has-link-color wp-elements-7b9b833978d7598946213eac1d018b5a\"><strong>Kalitemiz, kulland\u0131\u011f\u0131m\u0131z malzemelerden sundu\u011fumuz hizmete kadar t\u00fcm ad\u0131mlar\u0131 kapsar. Her projede y\u00fcksek performans, titiz i\u015f\u00e7ilik ve profesyonel planlama ile \u00e7al\u0131\u015farak m\u00fc\u015fterilerimize s\u00fcrd\u00fcr\u00fclebilir, h\u0131zl\u0131 ve verimli \u00e7\u00f6z\u00fcmler sunuyoruz.<\/strong><\/p>\n<\/div>\n<\/div><\/div>\n\n\n\n<section id=\"wp-block-themeisle-blocks-advanced-columns-dab9e0bf\" class=\"wp-block-themeisle-blocks-advanced-columns alignfull has-1-columns has-desktop-equal-layout has-tablet-equal-layout has-mobile-equal-layout has-vertical-flex-start\"><div class=\"wp-block-themeisle-blocks-advanced-columns-overlay\"><\/div><div class=\"innerblocks-wrap\">\n<div id=\"wp-block-themeisle-blocks-advanced-column-9df22226\" class=\"wp-block-themeisle-blocks-advanced-column\">\n<section id=\"wp-block-themeisle-blocks-advanced-columns-25c95699\" class=\"wp-block-themeisle-blocks-advanced-columns has-1-columns has-desktop-equal-layout has-tablet-equal-layout has-mobile-equal-layout has-vertical-flex-start\"><div class=\"wp-block-themeisle-blocks-advanced-columns-overlay\"><\/div><div class=\"innerblocks-wrap\">\n<div id=\"wp-block-themeisle-blocks-advanced-column-d4d9a4f8\" class=\"wp-block-themeisle-blocks-advanced-column\">\n<h2 class=\"wp-block-heading has-text-align-center has-text-color\" style=\"color:#ffffff;font-size:50px\">Ba\u015far\u0131lar\u0131m\u0131z<\/h2>\n\n\n\n<div style=\"height:20px\" aria-hidden=\"true\" class=\"wp-block-spacer\"><\/div>\n<\/div>\n<\/div><\/section>\n\n\n\n<section id=\"wp-block-themeisle-blocks-advanced-columns-b56443a0\" class=\"wp-block-themeisle-blocks-advanced-columns has-2-columns has-desktop-equal-layout has-tablet-equal-layout has-mobile-collapsedRows-layout has-vertical-flex-start\"><div class=\"wp-block-themeisle-blocks-advanced-columns-overlay\"><\/div><div class=\"innerblocks-wrap\">\n<div id=\"wp-block-themeisle-blocks-advanced-column-0d3b88e5\" class=\"wp-block-themeisle-blocks-advanced-column\">\n<p class=\"has-text-align-center has-text-color\" style=\"color:#ffffff;font-size:80px\"><strong>15<\/strong><\/p>\n\n\n\n<div style=\"height:20px\" aria-hidden=\"true\" class=\"wp-block-spacer\"><\/div>\n\n\n\n<h6 class=\"wp-block-heading has-text-align-center has-text-color\" style=\"color:#ffffff;margin-top:0px\">YILLIK DENEY\u0130M<\/h6>\n<\/div>\n\n\n\n<div id=\"wp-block-themeisle-blocks-advanced-column-07a5234d\" class=\"wp-block-themeisle-blocks-advanced-column\">\n<p class=\"has-text-align-center has-text-color\" style=\"color:#ffffff;font-size:80px\"><strong>10+<\/strong><\/p>\n\n\n\n<div style=\"height:20px\" aria-hidden=\"true\" class=\"wp-block-spacer\"><\/div>\n\n\n\n<h6 class=\"wp-block-heading has-text-align-center has-text-color\" style=\"color:#ffffff;margin-top:0px\">G\u00dcVEN\u0130L\u0130R REFERANS<\/h6>\n<\/div>\n<\/div><\/section>\n<\/div>\n<\/div><\/section>\n\n\n\n<p><\/p>\n","protected":false},"excerpt":{"rendered":"","protected":false},"author":2,"featured_media":0,"parent":0,"menu_order":0,"comment_status":"closed","ping_status":"closed","template":"","meta":{"_themeisle_gutenberg_block_has_review":false,"footnotes":""},"class_list":["post-69","page","type-page","status-publish","hentry"],"_links":{"self":[{"href":"https:\/\/www.vdsfiberoptik.com\/index.php?rest_route=\/wp\/v2\/pages\/69","targetHints":{"allow":["GET"]}}],"collection":[{"href":"https:\/\/www.vdsfiberoptik.com\/index.php?rest_route=\/wp\/v2\/pages"}],"about":[{"href":"https:\/\/www.vdsfiberoptik.com\/index.php?rest_route=\/wp\/v2\/types\/page"}],"author":[{"embeddable":true,"href":"https:\/\/www.vdsfiberoptik.com\/index.php?rest_route=\/wp\/v2\/users\/2"}],"replies":[{"embeddable":true,"href":"https:\/\/www.vdsfiberoptik.com\/index.php?rest_route=%2Fwp%2Fv2%2Fcomments&post=69"}],"version-history":[{"count":44,"href":"https:\/\/www.vdsfiberoptik.com\/index.php?rest_route=\/wp\/v2\/pages\/69\/revisions"}],"predecessor-version":[{"id":750,"href":"https:\/\/www.vdsfiberoptik.com\/index.php?rest_route=\/wp\/v2\/pages\/69\/revisions\/750"}],"wp:attachment":[{"href":"https:\/\/www.vdsfiberoptik.com\/index.php?rest_route=%2Fwp%2Fv2%2Fmedia&parent=69"}],"curies":[{"name":"wp","href":"https:\/\/api.w.org\/{rel}","templated":true}]}}