{"id":449,"date":"2025-12-06T15:20:50","date_gmt":"2025-12-06T12:20:50","guid":{"rendered":"https:\/\/www.vdsfiberoptik.com\/?page_id=449"},"modified":"2025-12-10T21:54:10","modified_gmt":"2025-12-10T18:54:10","slug":"fiberoptik-sonlandirma-ve-data-sonlandirma-fiyatlandirma","status":"publish","type":"page","link":"https:\/\/www.vdsfiberoptik.com\/?page_id=449","title":{"rendered":"Fiberoptik Sonland\u0131rma ve Data Sonland\u0131rma Fiyatland\u0131rma"},"content":{"rendered":"\n<div id=\"wp-block-themeisle-blocks-advanced-columns-8fbb683b\" class=\"wp-block-themeisle-blocks-advanced-columns alignfull has-2-columns has-desktop-equal-layout has-tablet-equal-layout has-mobile-collapsedRows-layout has-vertical-center\"><div class=\"wp-block-themeisle-blocks-advanced-columns-overlay\"><\/div><div class=\"innerblocks-wrap\">\n<div id=\"wp-block-themeisle-blocks-advanced-column-620e3016\" class=\"wp-block-themeisle-blocks-advanced-column\">\n<h2 class=\"wp-block-heading has-white-color has-text-color has-link-color wp-elements-05f046627c3239fcaf4eebb115fd242e\" style=\"font-size:50px\"><strong>Fiberoptik Sonland\u0131rma ve Data Sonland\u0131rma Fiyatland\u0131rma<\/strong><\/h2>\n\n\n\n<p class=\"has-white-color has-text-color has-link-color wp-elements-8e34de3f411cbba5fe182db06a68726d\"><strong>Fiber ve data sonland\u0131rma fiyatlar\u0131; kablo tipi, ba\u011flant\u0131 say\u0131s\u0131, mesafe, proje yap\u0131s\u0131 ve saha ko\u015fullar\u0131na g\u00f6re de\u011fi\u015fiklik g\u00f6sterebilmektedir. T\u00fcm \u00e7al\u0131\u015fmalar profesyonel ekipman ve sertifikal\u0131 personel ile yap\u0131ld\u0131\u011f\u0131 i\u00e7in uygun maliyetli ve kaliteli hizmet sunmaktay\u0131z. Projenize \u00f6zel fiyatland\u0131rma i\u00e7in bize ula\u015fabilirsiniz.<\/strong><\/p>\n<\/div>\n\n\n\n<div id=\"wp-block-themeisle-blocks-advanced-column-df784873\" class=\"wp-block-themeisle-blocks-advanced-column\"><div class=\"wp-block-image\">\n<figure class=\"aligncenter size-full has-custom-border\" style=\"margin-right:var(--wp--preset--spacing--20);margin-left:var(--wp--preset--spacing--20)\"><img data-opt-id=564844642  fetchpriority=\"high\" decoding=\"async\" width=\"600\" height=\"300\" src=\"https:\/\/mlfg9oq6dozq.i.optimole.com\/w:auto\/h:auto\/q:mauto\/f:best\/http:\/\/www.vdsfiberoptik.com\/wp-content\/uploads\/2025\/12\/image-600x300-7.png\" alt=\"\" class=\"wp-image-368\" style=\"border-style:none;border-width:0px;border-radius:0px\" srcset=\"https:\/\/mlfg9oq6dozq.i.optimole.com\/w:600\/h:300\/q:mauto\/f:best\/https:\/\/www.vdsfiberoptik.com\/wp-content\/uploads\/2025\/12\/image-600x300-7.png 600w, https:\/\/mlfg9oq6dozq.i.optimole.com\/w:300\/h:150\/q:mauto\/f:best\/https:\/\/www.vdsfiberoptik.com\/wp-content\/uploads\/2025\/12\/image-600x300-7.png 300w\" sizes=\"(max-width: 600px) 100vw, 600px\" \/><\/figure>\n<\/div><\/div>\n<\/div><\/div>\n","protected":false},"excerpt":{"rendered":"","protected":false},"author":2,"featured_media":0,"parent":0,"menu_order":0,"comment_status":"closed","ping_status":"closed","template":"","meta":{"_themeisle_gutenberg_block_has_review":false,"footnotes":""},"class_list":["post-449","page","type-page","status-publish","hentry"],"_links":{"self":[{"href":"https:\/\/www.vdsfiberoptik.com\/index.php?rest_route=\/wp\/v2\/pages\/449","targetHints":{"allow":["GET"]}}],"collection":[{"href":"https:\/\/www.vdsfiberoptik.com\/index.php?rest_route=\/wp\/v2\/pages"}],"about":[{"href":"https:\/\/www.vdsfiberoptik.com\/index.php?rest_route=\/wp\/v2\/types\/page"}],"author":[{"embeddable":true,"href":"https:\/\/www.vdsfiberoptik.com\/index.php?rest_route=\/wp\/v2\/users\/2"}],"replies":[{"embeddable":true,"href":"https:\/\/www.vdsfiberoptik.com\/index.php?rest_route=%2Fwp%2Fv2%2Fcomments&post=449"}],"version-history":[{"count":8,"href":"https:\/\/www.vdsfiberoptik.com\/index.php?rest_route=\/wp\/v2\/pages\/449\/revisions"}],"predecessor-version":[{"id":700,"href":"https:\/\/www.vdsfiberoptik.com\/index.php?rest_route=\/wp\/v2\/pages\/449\/revisions\/700"}],"wp:attachment":[{"href":"https:\/\/www.vdsfiberoptik.com\/index.php?rest_route=%2Fwp%2Fv2%2Fmedia&parent=449"}],"curies":[{"name":"wp","href":"https:\/\/api.w.org\/{rel}","templated":true}]}}